ds digit of 71759?
1
What is the units digit of 4568?
8
What is the units digit of 11910?
0
What is the tens digit of 548?
4
What is the tens digit of 19146?
4
What is the units digit of 2569?
9
What is the tens digit of 34674?
7
What is the ten thousands digit of 58963?
5
What is the hundreds digit of 40616?
6
What is the tens digit of 2358?
5
What is the units digit of 643?
3
What is the thousands digit of 4739?
4
What is the thousands digit of 7811?
7
What is the tens digit of 13369?
6
What is the units digit of 507?
7
What is the hundreds digit of 71304?
3
What is the units digit of 749?
9
What is the units digit of 724?
4
What is the thousands digit of 36642?
6
What is the hundreds digit of 14559?
5
What is the thousands digit of 12027?
2
What is the units digit of 839?
9
What is the units digit of 2248?
8
What is the thousands digit of 4005?
4
What is the tens digit of 109492?
9
What is the ten thousands digit of 15696?
1
What is the tens digit of 1716?
1
What is the thousands digit of 1417?
1
What is the units digit of 2876?
6
What is the hundreds digit of 522?
5
What is the hundreds digit of 4668?
6
What is the hundreds digit of 6114?
1
What is the units digit of 3534?
4
What is the units digit of 5924?
4
What is the hundreds digit of 517?
5
What is the thousands digit of 6702?
6
What is the units digit of 197?
7
What is the tens digit of 8020?
2
What is the thousands digit of 1645?
1
What is the tens digit of 550?
5
What is the hundred thousands digit of 106635?
1
What is the tens digit of 768?
6
What is the hundreds digit of 1457?
4
What is the tens digit of 7005?
0
What is the hundreds digit of 918?
9
What is the tens digit of 4817?
1
What is the thousands digit of 42915?
2
What is the units digit of 5958?
8
What is the units digit of 9737?
7
What is the units digit of 57164?
4
What is the tens digit of 1271?
7
What is the units digit of 1039?
9
What is the units digit of 501?
1
What is the hundreds digit of 2906?
9
What is the units digit of 57?
7
What is the tens digit of 8120?
2
What is the units digit of 120?
0
What is the units digit of 1316?
6
What is the units digit of 4302?
2
What is the tens digit of 405?
0
What is the thousands digit of 25146?
5
What is the thousands digit of 1860?
1
What is the thousands digit of 5921?
5
What is the tens digit of 1084?
8
What is the ten thousands digit of 60218?
6
What is the ten thousands digit of 14306?
1
What is the thousands digit of 27091?
7
What is the tens digit of 10575?
7
What is the units digit of 3006?
6
What is the hundreds digit of 697?
6
What is the hundreds digit of 2530?
5
What is the tens digit of 2573?
7
What is the tens digit of 1813?
1
What is the thousands digit of 1110?
1
What is the ten thousands digit of 13610?
1
What is the tens digit of 304?
0
What is the units digit of 56832?
2
What is the hundreds digit of 196?
1
What is the units digit of 104053?
3
What is the tens digit of 60?
6
What is the thousands digit of 3500?
3
What is the units digit of 4890?
0
What is the thousands digit of 1983?
1
What is the hundreds digit of 2686?
6
What is the units digit of 25944?
4
What is the thousands digit of 3412?
3
What is the units digit of 979?
9
What is the tens digit of 10730?
3
What is the tens digit of 21849?
4
What is the tens digit of 8353?
5
What is the thousands digit of 1329?
1
What is the units digit of 758?
8
What is the thousands digit of 4386?
4
What is the hundreds digit of 562?
5
What is the hundreds digit of 919?
9
What is the tens digit of 34122?
2
What is the hundreds digit of 1726?
7
What is the thousands digit of 60324?
0
What is the thousands digit of 10360?
0
What is the tens digit of 44816?
1
What is the tens digit of 36901?
0
What is the tens digit of 45068?
6
What is the units digit of 10853?
3
What is the hundreds digit of 235?
2
What is the hundreds digit of 260?
2
What is the hundreds digit of 632?
6
What is the tens digit of 144126?
2
What is the thousands digit of 7635?
7
What is the hundreds digit of 204?
2
What is the units digit of 1677?
7
What is the hundreds digit of 41516?
5
What is the tens digit of 7555?
5
What is the units digit of 870?
0
What is the units digit of 99973?
3
What is the hundreds digit of 6541?
5
What is the units digit of 33162?
2
What is the ten thousands digit of 43506?
4
What is the ten thousands digit of 13362?
1
What is the tens digit of 36052?
5
What is the units digit of 48682?
2
What is the hundreds digit of 9643?
6
What is the units digit of 1872?
2
What is the hundreds digit of 1374?
3
What is the tens digit of 3793?
9
What is the units digit of 2051?
1
What is the tens digit of 3582?
8
What is the tens digit of 5264?
6
What is the hundreds digit of 544?
5
What is the ten thousands digit of 43487?
4
What is the units digit of 1415?
5
What is the thousands digit of 2121?
2
What is the thousands digit of 1003?
1
What is the tens digit of 8483?
8
What is the hundreds digit of 27206?
2
What is the hundreds digit of 14030?
0
What is the units digit of 28371?
1
What is the hundreds digit of 1195?
1
What is the units digit of 21396?
6
What is the hundreds digit of 101291?
2
What is the tens digit of 1318?
1
What is the tens digit of 1631?
3
What is the hundreds digit of 24835?
8
What is the hundreds digit of 1817?
8
What is the thousands digit of 9892?
9
What is the tens digit of 13485?
8
What is the tens digit of 5861?
6
What is the thousands digit of 18936?
8
What is the ten thousands digit of 105089?
0
What is the units digit of 383?
3
What is the units digit of 3465?
5
What is the units digit of 27279?
9
What is the tens digit of 88979?
7
What is the units digit of 2170?
0
What is the tens digit of 445?
4
What is the units digit of 24606?
6
What is the units digit of 36481?
1
What is the ten thousands digit of 16500?
1
What is the hundreds digit of 1850?
8
What is the tens digit of 455?
5
What is the hundreds digit of 35827?
8
What is the thousands digit of 2025?
2
What is the hundreds digit of 330?
3
What is the units digit of 31078?
8
What is the hundreds digit of 6575?
5
What is the units digit of 114?
4
What is the units digit of 174393?
3
What is the tens digit of 5876?
7
What is the hundreds digit of 25739?
7
What is the tens digit of 7285?
8
What is the hundreds digit of 11592?
5
What is the tens digit of 227?
2
What is the tens digit of 644?
4
What is the units digit of 3053?
3
What is the tens digit of 1289?
8
What is the units digit of 729?
9
What is the thousands digit of 3631?
3
What is the tens digit of 2498?
9
What is the hundreds digit of 3656?
6
What is the tens digit of 805?
0
What is the tens digit of 5435?
3
What is the tens digit of 50?
5
What is the hundreds digit of 6698?
6
What is the hundreds digit of 9820?
8
What is the units digit of 932?
2
What is the hundreds digit of 1476?
4
What is the thousands digit of 13247?
3
What is the hundreds digit of 77380?
3
What is the thousands digit of 3905?
3
What is the tens digit of 7228?
2
What is the thousands digit of 62296?
2
What is the hundreds digit of 157984?
9
What is the hundreds digit of 708?
7
What is the units digit of 36521?
1
What is the thousands digit of 13509?
3
What is the hundreds digit of 811?
8
What is the units digit of 2932?
2
What is the hundreds digit of 60028?
0
What is the tens digit of 51934?
3
What is the units digit of 2631?
1
What is the thousands digit of 2367?
2
What is the thousands digit of 19672?
9
What is the hundreds digit of 20044?
0
What is the ten thousands digit of 78619?
7
What is the thousands digit of 6211?
6
What is the units digit of 150101?
1
What is the hundreds digit of 171184?
1
What is the hundreds digit of 5209?
2
What is the units digit of 31048?
8
What is the thousands digit of 11626?
1
What is the thousands digit of 54526?
4
What is the thousands digit of 12511?
2
What is the hundreds digit of 3096?
0
What is the ten thousands digit of 31549?
3
What is the thousands digit of 8342?
8
What is the tens digit of 10631?
3
What is the thousands digit of 12731?
2
What is the ten thousands digit of 33620?
3
What is the ten thousands digit of 17160?
1
What is the ten thousands digit of 18518?
1
What is the tens digit of 9590?
9
What is the units digit of 5585?
5
What is the ten thousands digit of 